{"id":3700,"date":"2013-05-24T20:06:54","date_gmt":"2013-05-24T20:06:54","guid":{"rendered":"http:\/\/avada.theme-fusion.comxml\/?page_id=3700"},"modified":"2016-10-16T21:30:58","modified_gmt":"2016-10-16T23:30:58","slug":"engeblog","status":"publish","type":"page","link":"http:\/\/engebrac.com.br\/main\/engeblog\/","title":{"rendered":"EngeBlog"},"content":{"rendered":"<div  class=\"fusion-fullwidth fullwidth-box hundred-percent-fullwidth\"  style='background-color: rgba(255,255,255,0);background-position: center center;background-repeat: no-repeat;padding-top:0px;padding-right:0px;padding-bottom:0px;padding-left:0px;'><div class=\"fusion-builder-row fusion-row \"><div  class=\"fusion-layout-column fusion_builder_column fusion_builder_column_1_1  fusion-one-full fusion-column-first fusion-column-last fusion-column-no-min-height 1_1\"  style='margin-top:0px;margin-bottom:0px;'>\n\t\t\t<div class=\"fusion-column-wrapper\"  style=\"background-position:left top;background-repeat:no-repeat;-webkit-background-size:cover;-moz-background-size:cover;-o-background-size:cover;background-size:cover;\"  data-bg-url=\"\">\n\t\t\t\t<div class=\"fusion-title title sep-underline sep-solid fusion-title-size-one\" style=\"margin-top:0px;margin-bottom:31px;\"><h1 class=\"title-heading-left\">Blog da EngeBRAc<\/h1><\/div><div class=\"fusion-clearfix\"><\/div>\n\t\t\t<\/div>\n\t\t<\/div><div  class=\"fusion-layout-column fusion_builder_column fusion_builder_column_1_1  fusion-one-full fusion-column-first fusion-column-last fusion-column-no-min-height 1_1\"  style='margin-top:0px;margin-bottom:0px;'>\n\t\t\t<div class=\"fusion-column-wrapper\"  style=\"background-position:left top;background-repeat:no-repeat;-webkit-background-size:cover;-moz-background-size:cover;-o-background-size:cover;background-size:cover;\"  data-bg-url=\"\">\n\t\t\t\t<div class=\"fusion-blog-shortcode fusion-blog-shortcode-1 fusion-blog-archive fusion-blog-layout-medium-alternate fusion-blog-pagination\"><div class=\"fusion-posts-container fusion-posts-container-pagination\" data-pages=\"1\"><article id=\"post-12110\" class=\"fusion-post-medium-alternate post-12110 post type-post status-publish format-standard has-post-thumbnail hentry category-projeto-estrutural\">\n<div class=\"fusion-date-and-formats\"><div class=\"fusion-date-box updated\"><span class=\"fusion-date\">9<\/span><span class=\"fusion-month-year\">02, 2017<\/span><\/div><div class=\"fusion-format-box\"><i class=\"fusion-icon-pen\"><\/i><\/div><\/div>\n\t<style type=\"text\/css\">\n\t\t\n\t\t\n\t\t\n\t\t\n\t\t\t<\/style>\n\n\n\t<div class=\"fusion-flexslider flexslider fusion-flexslider-loading fusion-post-slideshow\">\n\t\t<ul class=\"slides\">\n\t\t\t\n\t\t\t\t\t\t\t\t\t\t\t\t\t\t\t\t\t\t<li>\n<div class=\"fusion-image-wrapper fusion-image-size-fixed\" aria-haspopup=\"true\">\n\n\t\n\t\t\n\t\t\t\t\t<img loading=\"lazy\" decoding=\"async\" width=\"320\" height=\"202\" src=\"http:\/\/engebrac.com.br\/main\/wp-content\/uploads\/2017\/02\/fator_humano_03-320x202.png\" class=\"attachment-blog-medium size-blog-medium wp-post-image\" alt=\"\" \/>\n\t\n\n\t\t<div class=\"fusion-rollover\">\n\t<div class=\"fusion-rollover-content\">\n\n\t\t\t\t\t\t\t\t\t\t\t\t\t\t<a class=\"fusion-rollover-link\" href=\"http:\/\/engebrac.com.br\/main\/o-fator-humano-e-levado-a-serio-no-projeto-estrutural\/\">Permalink<\/a>\n\t\t\t\n\t\t\t\t\t\t\t\t\t\t\t\t\t\t\n\t\t\t\t\t\t\t\t\n\t\t\t\t\t\t\t\t\t\t\t\t\t<div class=\"fusion-rollover-sep\"><\/div>\n\t\t\t\t\n\t\t\t\t\t\t\t\t\t\t\t\t\t\t\t\t\t\t<a class=\"fusion-rollover-gallery\" href=\"http:\/\/engebrac.com.br\/main\/wp-content\/uploads\/2017\/02\/fator_humano_03.png\" data-id=\"12110\" data-rel=\"iLightbox[gallery]\" data-title=\"fator_humano_03\" data-caption=\"\">\n\t\t\t\t\t\tGallery\t\t\t\t\t<\/a>\n\t\t\t\t\t\t\t\t\t\t\t\t\t\t\n\t\t\t\t\n\t\t\t\t\t\t\t\t\t\t\t\t<h4 class=\"fusion-rollover-title\">\n\t\t\t\t\t<a href=\"http:\/\/engebrac.com.br\/main\/o-fator-humano-e-levado-a-serio-no-projeto-estrutural\/\">\n\t\t\t\t\t\tO Fator Humano \u00e9 levado a s\u00e9rio no Projeto Estrutural?\t\t\t\t\t<\/a>\n\t\t\t\t<\/h4>\n\t\t\t\n\t\t\t\t\t\t\t\t\t\t\n\t\t\t\t<div class=\"fusion-rollover-categories\"><a href=\"http:\/\/engebrac.com.br\/main\/category\/projeto-estrutural\/\" rel=\"tag\">Projeto Estrutural<\/a><\/div>\t\t\t\t\t\n\t\t\n\t\t\t<\/div>\n<\/div>\n\n\t\n<\/div>\n<\/li>\n\t\t\t\n\t\t\t\t\t\t\t\t\t\t\t\t\t\t\t\t\t\t\t\t\t\t\t\t\t\t\t\t\t\t\t\t\t\t\t\t\t\t\t\t\t\t\t\t\t\t\t\t\t\t\t\t\t\t\t\t\t\t\t\t\t\t\t\t\t\t\t\t\t\t\t<\/ul>\n\t<\/div>\n<div class=\"fusion-post-content post-content\"><h2 class=\"blog-shortcode-post-title entry-title\"><a href=\"http:\/\/engebrac.com.br\/main\/o-fator-humano-e-levado-a-serio-no-projeto-estrutural\/\">O Fator Humano \u00e9 levado a s\u00e9rio no Projeto Estrutural?<\/a><\/h2><div class=\"fusion-post-content-container\"><p> Reproduzimos a seguir, na \u00edntegra, artigo publicado pelo Engenheiro Lucas Ramires, face a import\u00e2ncia que a Engebrac Engenharia d\u00e1 ao tema.   Sauda\u00e7\u00f5es aos colegas. Pe\u00e7o licen\u00e7a para [...]<\/p><\/div><\/div><div class=\"fusion-clearfix\"><\/div><div class=\"fusion-meta-info\"><div class=\"fusion-alignright\"><a class=\"fusion-read-more\" href=\"http:\/\/engebrac.com.br\/main\/o-fator-humano-e-levado-a-serio-no-projeto-estrutural\/\">Ler Mais<\/a><\/div><\/div><\/article>\n<article id=\"post-11952\" class=\"fusion-post-medium-alternate post-11952 post type-post status-publish format-standard has-post-thumbnail hentry category-projeto-de-fundacoes category-projeto-de-impermeabilizacao category-projeto-eletrico category-projeto-estrutural category-projeto-hidraulico\">\n<div class=\"fusion-date-and-formats\"><div class=\"fusion-date-box updated\"><span class=\"fusion-date\">17<\/span><span class=\"fusion-month-year\">10, 2016<\/span><\/div><div class=\"fusion-format-box\"><i class=\"fusion-icon-pen\"><\/i><\/div><\/div>\n\t<style type=\"text\/css\">\n\t\t\n\t\t\n\t\t\n\t\t\n\t\t\t<\/style>\n\n\n\t<div class=\"fusion-flexslider flexslider fusion-flexslider-loading fusion-post-slideshow\">\n\t\t<ul class=\"slides\">\n\t\t\t\n\t\t\t\t\t\t\t\t\t\t\t\t\t\t\t\t\t\t<li>\n<div class=\"fusion-image-wrapper fusion-image-size-fixed\" aria-haspopup=\"true\">\n\n\t\n\t\t\n\t\t\t\t\t<img loading=\"lazy\" decoding=\"async\" width=\"320\" height=\"202\" src=\"http:\/\/engebrac.com.br\/main\/wp-content\/uploads\/2016\/10\/img_01_importancia_do_projeto-320x202.jpg\" class=\"attachment-blog-medium size-blog-medium wp-post-image\" alt=\"\" \/>\n\t\n\n\t\t<div class=\"fusion-rollover\">\n\t<div class=\"fusion-rollover-content\">\n\n\t\t\t\t\t\t\t\t\t\t\t\t\t\t<a class=\"fusion-rollover-link\" href=\"http:\/\/engebrac.com.br\/main\/a-importancia-do-projeto\/\">Permalink<\/a>\n\t\t\t\n\t\t\t\t\t\t\t\t\t\t\t\t\t\t\n\t\t\t\t\t\t\t\t\n\t\t\t\t\t\t\t\t\t\t\t\t\t<div class=\"fusion-rollover-sep\"><\/div>\n\t\t\t\t\n\t\t\t\t\t\t\t\t\t\t\t\t\t\t\t\t\t\t<a class=\"fusion-rollover-gallery\" href=\"http:\/\/engebrac.com.br\/main\/wp-content\/uploads\/2016\/10\/img_01_importancia_do_projeto.jpg\" data-id=\"11952\" data-rel=\"iLightbox[gallery]\" data-title=\"img_01_importancia_do_projeto\" data-caption=\"\">\n\t\t\t\t\t\tGallery\t\t\t\t\t<\/a>\n\t\t\t\t\t\t\t\t\t\t\t\t\t\t\n\t\t\t\t\n\t\t\t\t\t\t\t\t\t\t\t\t<h4 class=\"fusion-rollover-title\">\n\t\t\t\t\t<a href=\"http:\/\/engebrac.com.br\/main\/a-importancia-do-projeto\/\">\n\t\t\t\t\t\tA import\u00e2ncia do projeto\t\t\t\t\t<\/a>\n\t\t\t\t<\/h4>\n\t\t\t\n\t\t\t\t\t\t\t\t\t\t\n\t\t\t\t<div class=\"fusion-rollover-categories\"><a href=\"http:\/\/engebrac.com.br\/main\/category\/projeto-de-fundacoes\/\" rel=\"tag\">Projeto de Funda\u00e7\u00f5es<\/a>, <a href=\"http:\/\/engebrac.com.br\/main\/category\/projeto-de-impermeabilizacao\/\" rel=\"tag\">Projeto de Impermeabiliza\u00e7\u00e3o<\/a>, <a href=\"http:\/\/engebrac.com.br\/main\/category\/projeto-eletrico\/\" rel=\"tag\">Projeto El\u00e9trico<\/a>, <a href=\"http:\/\/engebrac.com.br\/main\/category\/projeto-estrutural\/\" rel=\"tag\">Projeto Estrutural<\/a>, <a href=\"http:\/\/engebrac.com.br\/main\/category\/projeto-hidraulico\/\" rel=\"tag\">Projeto Hidr\u00e1ulico<\/a><\/div>\t\t\t\t\t\n\t\t\n\t\t\t<\/div>\n<\/div>\n\n\t\n<\/div>\n<\/li>\n\t\t\t\n\t\t\t\t\t\t\t\t\t\t\t\t\t\t\t\t\t\t\t\t\t\t\t\t\t\t\t\t\t\t\t\t\t\t\t\t\t\t\t\t\t\t\t\t\t\t\t\t\t\t\t\t\t\t\t\t\t\t\t\t\t\t\t\t\t\t\t\t\t\t\t<\/ul>\n\t<\/div>\n<div class=\"fusion-post-content post-content\"><h2 class=\"blog-shortcode-post-title entry-title\"><a href=\"http:\/\/engebrac.com.br\/main\/a-importancia-do-projeto\/\">A import\u00e2ncia do projeto<\/a><\/h2><div class=\"fusion-post-content-container\"><p> O projeto, na constru\u00e7\u00e3o civil, \u00e9 de fundamental import\u00e2ncia para a qualidade, a sustentabilidade e para efici\u00eancia dos processos nos empreendimentos. \u00c9 nesta fase que se tomam as decis\u00f5es [...]<\/p><\/div><\/div><div class=\"fusion-clearfix\"><\/div><div class=\"fusion-meta-info\"><div class=\"fusion-alignright\"><a class=\"fusion-read-more\" href=\"http:\/\/engebrac.com.br\/main\/a-importancia-do-projeto\/\">Ler Mais<\/a><\/div><\/div><\/article>\n<article id=\"post-11945\" class=\"fusion-post-medium-alternate post-11945 post type-post status-publish format-standard has-post-thumbnail hentry category-bim category-engenharia-integrada\">\n<div class=\"fusion-date-and-formats\"><div class=\"fusion-date-box updated\"><span class=\"fusion-date\">17<\/span><span class=\"fusion-month-year\">10, 2016<\/span><\/div><div class=\"fusion-format-box\"><i class=\"fusion-icon-pen\"><\/i><\/div><\/div>\n\t<style type=\"text\/css\">\n\t\t\n\t\t\n\t\t\n\t\t\n\t\t\t<\/style>\n\n\n\t<div class=\"fusion-flexslider flexslider fusion-flexslider-loading fusion-post-slideshow\">\n\t\t<ul class=\"slides\">\n\t\t\t\n\t\t\t\t\t\t\t\t\t\t\t\t\t\t\t\t\t\t<li>\n<div class=\"fusion-image-wrapper fusion-image-size-fixed\" aria-haspopup=\"true\">\n\n\t\n\t\t\n\t\t\t\t\t<img loading=\"lazy\" decoding=\"async\" width=\"320\" height=\"202\" src=\"http:\/\/engebrac.com.br\/main\/wp-content\/uploads\/2016\/10\/img_01_bim-320x202.jpg\" class=\"attachment-blog-medium size-blog-medium wp-post-image\" alt=\"\" srcset=\"http:\/\/engebrac.com.br\/main\/wp-content\/uploads\/2016\/10\/img_01_bim-320x202.jpg 320w, http:\/\/engebrac.com.br\/main\/wp-content\/uploads\/2016\/10\/img_01_bim-700x441.jpg 700w\" sizes=\"auto, (max-width: 320px) 100vw, 320px\" \/>\n\t\n\n\t\t<div class=\"fusion-rollover\">\n\t<div class=\"fusion-rollover-content\">\n\n\t\t\t\t\t\t\t\t\t\t\t\t\t\t<a class=\"fusion-rollover-link\" href=\"http:\/\/engebrac.com.br\/main\/os-3-principais-entraves-na-adocao-do-bim-na-engenharia-civil\/\">Permalink<\/a>\n\t\t\t\n\t\t\t\t\t\t\t\t\t\t\t\t\t\t\n\t\t\t\t\t\t\t\t\n\t\t\t\t\t\t\t\t\t\t\t\t\t<div class=\"fusion-rollover-sep\"><\/div>\n\t\t\t\t\n\t\t\t\t\t\t\t\t\t\t\t\t\t\t\t\t\t\t<a class=\"fusion-rollover-gallery\" href=\"http:\/\/engebrac.com.br\/main\/wp-content\/uploads\/2016\/10\/img_01_bim-e1521486020909.jpg\" data-id=\"11945\" data-rel=\"iLightbox[gallery]\" data-title=\"img_01_bim\" data-caption=\"\">\n\t\t\t\t\t\tGallery\t\t\t\t\t<\/a>\n\t\t\t\t\t\t\t\t\t\t\t\t\t\t\n\t\t\t\t\n\t\t\t\t\t\t\t\t\t\t\t\t<h4 class=\"fusion-rollover-title\">\n\t\t\t\t\t<a href=\"http:\/\/engebrac.com.br\/main\/os-3-principais-entraves-na-adocao-do-bim-na-engenharia-civil\/\">\n\t\t\t\t\t\tOs 3 principais entraves na ado\u00e7\u00e3o do BIM na engenharia civil\t\t\t\t\t<\/a>\n\t\t\t\t<\/h4>\n\t\t\t\n\t\t\t\t\t\t\t\t\t\t\n\t\t\t\t<div class=\"fusion-rollover-categories\"><a href=\"http:\/\/engebrac.com.br\/main\/category\/bim\/\" rel=\"tag\">BIM<\/a>, <a href=\"http:\/\/engebrac.com.br\/main\/category\/engenharia-integrada\/\" rel=\"tag\">Engenharia Integrada<\/a><\/div>\t\t\t\t\t\n\t\t\n\t\t\t<\/div>\n<\/div>\n\n\t\n<\/div>\n<\/li>\n\t\t\t\n\t\t\t\t\t\t\t\t\t\t\t\t\t\t\t\t\t\t\t\t\t\t\t\t\t\t\t\t\t\t\t\t\t\t\t\t\t\t\t\t\t\t\t\t\t\t\t\t\t\t\t\t\t\t\t\t\t\t\t\t\t\t\t\t\t\t\t\t\t\t\t<\/ul>\n\t<\/div>\n<div class=\"fusion-post-content post-content\"><h2 class=\"blog-shortcode-post-title entry-title\"><a href=\"http:\/\/engebrac.com.br\/main\/os-3-principais-entraves-na-adocao-do-bim-na-engenharia-civil\/\">Os 3 principais entraves na ado\u00e7\u00e3o do BIM na engenharia civil<\/a><\/h2><div class=\"fusion-post-content-container\"><p> \u00c9 certo que o conceito de BIM veio para inovar a forma de projetar e de acompanhar a execu\u00e7\u00e3o de projetos. No entanto, h\u00e1 ainda alguns desafios a serem [...]<\/p><\/div><\/div><div class=\"fusion-clearfix\"><\/div><div class=\"fusion-meta-info\"><div class=\"fusion-alignright\"><a class=\"fusion-read-more\" href=\"http:\/\/engebrac.com.br\/main\/os-3-principais-entraves-na-adocao-do-bim-na-engenharia-civil\/\">Ler Mais<\/a><\/div><\/div><\/article>\n<\/div>\n\t\t<\/div><div class=\"fusion-clearfix\"><\/div>\n\t\t\t<\/div>\n\t\t<\/div><\/div><\/div>\n","protected":false},"excerpt":{"rendered":"","protected":false},"author":1,"featured_media":0,"parent":0,"menu_order":0,"comment_status":"open","ping_status":"closed","template":"","meta":{"footnotes":""},"class_list":["post-3700","page","type-page","status-publish","hentry"],"_links":{"self":[{"href":"http:\/\/engebrac.com.br\/main\/wp-json\/wp\/v2\/pages\/3700","targetHints":{"allow":["GET"]}}],"collection":[{"href":"http:\/\/engebrac.com.br\/main\/wp-json\/wp\/v2\/pages"}],"about":[{"href":"http:\/\/engebrac.com.br\/main\/wp-json\/wp\/v2\/types\/page"}],"author":[{"embeddable":true,"href":"http:\/\/engebrac.com.br\/main\/wp-json\/wp\/v2\/users\/1"}],"replies":[{"embeddable":true,"href":"http:\/\/engebrac.com.br\/main\/wp-json\/wp\/v2\/comments?post=3700"}],"version-history":[{"count":1,"href":"http:\/\/engebrac.com.br\/main\/wp-json\/wp\/v2\/pages\/3700\/revisions"}],"predecessor-version":[{"id":11863,"href":"http:\/\/engebrac.com.br\/main\/wp-json\/wp\/v2\/pages\/3700\/revisions\/11863"}],"wp:attachment":[{"href":"http:\/\/engebrac.com.br\/main\/wp-json\/wp\/v2\/media?parent=3700"}],"curies":[{"name":"wp","href":"https:\/\/api.w.org\/{rel}","templated":true}]}}